7
What are the prime factors of 19249?
19249
List the prime factors of 8245.
5, 17, 97
List the prime factors of 12209.
29, 421
What are the prime factors of 25753?
7, 13, 283
List the prime factors of 1645.
5, 7, 47
List the prime factors of 80800.
2, 5, 101
What are the prime factors of 766?
2, 383
List the prime factors of 2087.
2087
List the prime factors of 14878.
2, 43, 173
What are the prime factors of 1119?
3, 373
List the prime factors of 8136.
2, 3, 113
What are the prime factors of 71628?
2, 3, 47, 127
List the prime factors of 121330.
2, 5, 11, 1103
What are the prime factors of 169?
13
List the prime factors of 56.
2, 7
What are the prime factors of 81128?
2, 10141
What are the prime factors of 6153?
3, 7, 293
List the prime factors of 1453.
1453
List the prime factors of 6328.
2, 7, 113
List the prime factors of 25746.
2, 3, 7, 613
What are the prime factors of 10583?
19, 557
List the prime factors of 14459.
19, 761
List the prime factors of 40783.
17, 2399
List the prime factors of 21453.
3, 7151
What are the prime factors of 79762?
2, 19, 2099
List the prime factors of 20320.
2, 5, 127
What are the prime factors of 33994?
2, 23, 739
List the prime factors of 85909.
85909
List the prime factors of 1676.
2, 419
What are the prime factors of 1377?
3, 17
List the prime factors of 4210.
2, 5, 421
What are the prime factors of 3627?
3, 13, 31
List the prime factors of 72082.
2, 23, 1567
What are the prime factors of 19690?
2, 5, 11, 179
What are the prime factors of 1141?
7, 163
What are the prime factors of 10327?
23, 449
What are the prime factors of 32?
2
List the prime factors of 41857.
19, 2203
What are the prime factors of 320?
2, 5
What are the prime factors of 1116?
2, 3, 31
List the prime factors of 130854.
2, 3, 113, 193
What are the prime factors of 9038?
2, 4519
What are the prime factors of 1062?
2, 3, 59
What are the prime factors of 408?
2, 3, 17
List the prime factors of 4816.
2, 7, 43
List the prime factors of 3725.
5, 149
What are the prime factors of 319?
11, 29
What are the prime factors of 14534?
2, 13, 43
List the prime factors of 18980.
2, 5, 13, 73
What are the prime factors of 4016?
2, 251
List the prime factors of 234.
2, 3, 13
List the prime factors of 4274.
2, 2137
List the prime factors of 29662.
2, 14831
List the prime factors of 1875.
3, 5
List the prime factors of 675.
3, 5
List the prime factors of 139718.
2, 69859
List the prime factors of 5893.
71, 83
What are the prime factors of 3477?
3, 19, 61
List the prime factors of 62120.
2, 5, 1553
What are the prime factors of 56058?
2, 3, 9343
What are the prime factors of 10897?
17, 641
What are the prime factors of 3258?
2, 3, 181
List the prime factors of 4375.
5, 7
List the prime factors of 5725.
5, 229
List the prime factors of 907.
907
What are the prime factors of 318?
2, 3, 53
List the prime factors of 84297.
3, 28099
List the prime factors of 166934.
2, 19, 23, 191
What are the prime factors of 19497?
3, 67, 97
What are the prime factors of 15160?
2, 5, 379
List the prime factors of 88317.
3, 3271
What are the prime factors of 1926?
2, 3, 107
List the prime factors of 4881.
3, 1627
List the prime factors of 406.
2, 7, 29
List the prime factors of 116.
2, 29
What are the prime factors of 4968?
2, 3, 23
List the prime factors of 1755.
3, 5, 13
What are the prime factors of 5437?
5437
List the prime factors of 79509.
3, 17, 1559
List the prime factors of 4853.
23, 211
What are the prime factors of 21294?
2, 3, 7, 13
List the prime factors of 83192.
2, 10399
List the prime factors of 4447.
4447
What are the prime factors of 35975?
5, 1439
List the prime factors of 3991.
13, 307
List the prime factors of 25497.
3, 2833
What are the prime factors of 2461?
23, 107
What are the prime factors of 95420?
2, 5, 13, 367
What are the prime factors of 3743?
19, 197
What are the prime factors of 5259?
3, 1753
What are the prime factors of 10504?
2, 13, 101
List the prime factors of 932.
2, 233
List the prime factors of 3384.
2, 3, 47
List the prime factors of 568.
2, 71
List the prime factors of 4535.
5, 907
What are the prime factors of 945?
3, 5, 7
What are the prime factors of 1126?
2, 563
List the prime factors of 23146.
2, 71, 163
What are the prime factors of 24698?
2, 53, 233
What are the prime factors of 44380?
2, 5, 7, 317
List the prime factors of 13357.
19, 37
List the prime factors of 4769.
19, 251
List the prime factors of 792.
2, 3, 11
What are the prime factors of 16817?
67, 251
List the prime factors of 7280.
2, 5, 7, 13
List the prime factors of 707.
7, 101
List the prime factors of 492.
2, 3, 41
What are the prime factors of 6482?
2, 7, 463
What are the prime factors of 1425?
3, 5, 19
List the prime factors of 274.
2, 137
What are the prime factors of 23103?
3, 17, 151
What are the prime factors of 63143?
233, 271
What are the prime factors of 12077?
13, 929
List the prime factors of 44384.
2, 19, 73
List the prime factors of 5911.
23, 257
List the prime factors of 134.
2, 67
List the prime factors of 263.
263
What are the prime factors of 9395?
5, 1879
List the prime factors of 1805.
5, 19
List the prime factors of 34502.
2, 13, 1327
What are the prime factors of 6063?
3, 43, 47
List the prime factors of 11689.
11689
What are the prime factors of 112343?
7, 11, 1459
List the prime factors of 3412.
2, 853
What are the prime factors of 364?
2, 7, 13
What are the prime factors of 14762?
2, 11, 61
What are the prime factors of 9569?
7, 1367
List the prime factors of 61853.
11, 5623
What are the prime factors of 17397?
3, 1933
List the prime factors of 25885.
5, 31, 167
List the prime factors of 609.
3, 7, 29
List the prime factors of 847.
7, 11
List the prime factors of 10982.
2, 17, 19
What are the prime factors of 539?
7, 11
What are the prime factors of 64267?
7, 9181
List the prime factors of 29605.
5, 31, 191
What are the prime factors of 14816?
2, 463
What are the prime factors of 33055?
5, 11, 601
What are the prime factors of 14511?
3, 7, 691
What are the prime factors of 1678?
2, 839
What are the prime factors of 7358?
2, 13, 283
What are the prime factors of 78?
2, 3, 13
What are the prime factors of 1111?
11, 101
List the prime factors of 1473.
3, 491
What are the prime factors of 5356?
2, 13, 103
What are the prime factors of 1854?
2, 3, 103
What are the prime factors of 51786?
2, 3, 7, 137
List the prime factors of 15562.
2, 31, 251
What are the prime factors of 53?
53
What are the prime factors of 441?
3, 7
What are the prime factors of 3792?
2, 3, 79
List the prime factors of 41592.
2, 3, 1733
List the prime factors of 609.
3, 7, 29
List the prime factors of 5670.
2, 3, 5, 7
What are the prime factors of 7536?
2, 3, 157
What are the prime factors of 60043?
97, 619
List the prime factors of 181.
181
What are the prime factors of 4102?
2, 7, 293
List the prime factors of 148.
2, 37
List the prime factors of 449.
449
What are the prime factors of 47699?
47699
What are the prime factors of 1117?
1117
What are the prime factors of 4567?
4567
What are the prime factors of 399?
3, 7, 19
What are the prime factors of 5274?
2, 3, 293
List the prime factors of 1873.
1873
What are the prime factors of 4520?
2, 5, 113
What are the prime factors of 10372?
2, 2593
What are the prime factors of 6683?
41, 163
What are the prime factors of 19224?
2, 3, 89
List the prime factors of 110455.
5, 22091
List the prime factors of 243.
3
List the prime factors of 114703.
19, 6037
List the prime factors of 975.
3, 5, 13
List the prime factors of 448.
2, 7
What are the prime factors of 710?
2, 5, 71
List the prime factors of 33048.
2, 3, 17
What are the prime factors of 251?
251
What are the prime factors of 110578?
2, 13, 4253
List the prime factors of 4663.
4663
What are the prime factors of 4936?
2, 617
What are the prime factors of 49585?
5, 47, 211
What are the prime factors of 40298?
2, 20149
What are the prime factors of 854?
2, 7, 61
List the prime factors of 98474.
2, 53, 929
What are the prime factors of 144943?
193, 751
List the prime factors of 4421.
4421
What are the prime factors of 10454?
2, 5227
List the prime factors of 141935.
5, 28387
What are the prime factors of 1674?
2, 3, 31
What are the prime factors of 34890?
2, 3, 5, 1163
What ar